mposite?
False
Let p(s) = 367268*s - 5951. Is p(3) a prime number?
False
Let b(q) = 21*q**2 - 2*q - 19. Let p(a) = a**2. Let m(s) = b(s) - 3*p(s). Is m(-3) prime?
True
Let w be ((-3)/(-6))/1 - 3/6. Suppose -12188 = -w*j - 4*j. Is j a composite number?
True
Let j be (-3)/(-2 - 1)*(-18 + 23). Let a be (8 - 10)*(-246)/4. Suppose j*f = a + 262. Is f a prime number?
False
Let l be (-3375)/(-18)*16/6. Suppose 3*x - 5*w - 769 = -0*w, -3*w = 2*x - l. Is x prime?
False
Let g = 20 + -6. Suppose -12*q = -g*q. Suppose q = 29*k - 28*k - 191. Is k prime?
True
Is (1 + 1248)/((16/(-5216))/((-1)/2)) a prime number?
False
Let r = 111 - 74. Let g = r - 27. Is ((-7)/(49/4))/(g/(-3815)) a composite number?
True
Let w be (-2)/4 + 9/18 + -5. Let l be (644/w)/(9/135). Let y = l - -3293. Is y prime?
True
Let q = -282 + 51. Let r = -100 - q. Is r a prime number?
True
Let m(n) = -13547*n**3 - 10*n**2 - 30*n - 85. Is m(-8) prime?
False
Suppose 0 = 7*j + 715 - 6567. Let b be -7*132*j/56. Is b/(-10) - (-2)/(-5) prime?
False
Suppose -21*g - 4*g = 25*g - 9039350. Is g a composite number?
True
Let b(v) = 43*v**3 + 10*v**2 + 5*v + 5. Let l(i) = -85*i**3 - 19*i**2 - 10*i - 9. Let d(a) = -7*b(a) - 4*l(a). Is d(5) composite?
False
Let l = 14099 - 9780. Suppose -3*i + 12973 = 4*q, -4*q = -22*i + 23*i - l. Is i a prime number?
True
Suppose -307*p + 3948 = -301*p. Is (p/4 - -1)/(29/638) composite?
True
Let k(q) = -3*q + 11. Let l be k(4). Let d(t) be the second derivative of -46*t**5/5 - t**4/12 - t**3/3 + 115*t. Is d(l) composite?
True
Let g be (-1 - -4)/((-9)/(-15)). Is -7 - (7 + -2741) - g prime?
False
Let v = 241870 + -11973. Is v a prime number?
True
Let z be 18/28*1140*14/2. Suppose -4*j - z = -5*h, -6*h = -4*h + 5*j - 2019. Suppose 5*m + 2*w - 953 = h, -4*w = -4*m + 1580. Is m prime?
False
Let y = -67422 - -112384. Is y prime?
False
Suppose 8*l = -9004 + 828. Let q = l - -9375. Is q prime?
True
Let p = 11002 - 384. Suppose 4*b + 4*c - p - 5822 = 0, -5*b + 5*c = -20560. Is b a composite number?
False
Suppose 0 = -13*k + 4060148 + 7790561. Is k a prime number?
True
Let h(i) = i**2 + 5*i + 14. Let d be h(-4). Let u(t) = -1 + 519*t + 578*t + d. Is u(2) a composite number?
False
Suppose 23*i - 2328595 = -3*w + 21*i, 0 = 4*w - 5*i - 3104801. Is w a prime number?
False
Suppose 6*r - 10*r + 197570 = 2*s, -4*s = -5*r - 395062. Is s prime?
True
Suppose 18*r - 2*l = 16*r + 1296372, 5*r - 2*l = 3240915. Is r composite?
False
Suppose 0 = -16*c - 9 - 39. Let q(a) = -163*a**3 + a - 7. Is q(c) a composite number?
False
Let r(f) = 5*f**3 - 2*f**2 - 5*f - 1. Let a be r(4). Suppose 0*q + 1873 = 2*q - z, 3*z = 5*q - 4685. Let n = q - a. Is n a composite number?
True
Is (385372/(-182))/(3/(-21) - 0) a composite number?
True
Suppose -3*p + 4*g = -24, p - 11 = 2*p + 5*g. Suppose o = -p*o + 5. Is (-1346 - o)/(2 - 5) a prime number?
True
Let i = 2957 - 1712. Suppose -x - i = 5*j, j - 3*j - 3696 = 3*x. Let d = 7085 + x. Is d a prime number?
False
Suppose -11*r + 4*r = 9597. Let q = -745 - r. Suppose 4*l - 2*k - q = 0, 0 = -k + 10 - 5. Is l a composite number?
True
Let j(c) = -7*c - 748. Let h be j(-28). Let v = -96 + 46. Let r = v - h. Is r prime?
False
Suppose -64869 = -22*x + x. Is x composite?
False
Let b = 136 + -136. Suppose 20*x - 370736 + 129796 = b. Is x composite?
True
Let z = 30 + -28. Let i be (148/(-8) - z)*-2 - -4. Suppose -i - 40709 = -14*g. Is g a prime number?
False
Let q be 5875719/609 + (-1 - (-6)/7). Let o = q + -5351. Is o composite?
False
Suppose -87*j + 3212807 + 3931372 = 0. Is j composite?
True
Let t(k) = -k**2 - 20*k - 40. Suppose -13*y + 33 = -2*y. Suppose -2*m + 4*u + 29 = -y*m, 5*m + 30 = 3*u. Is t(m) prime?
True
Let t be 2 - 15*(-15)/9. Is 9/(t/(-12)) - (-6 + -4071) prime?
True
Let h(v) = -69*v + 5. Let a be h(4). Let s = 190 + a. Let j = s - -275. Is j composite?
True
Suppose -k = -5*z - 1089842, 1729022 = 4*k + 5*z - 2630521. Is k composite?
False
Let j be 4/22 - 291/(-33). Let g be 2/j - (-4 - 48066/(-27)). Let p = 2843 + g. Is p a prime number?
False
Suppose 8*l = 625*l + 40*l - 46484721. Is l a composite number?
False
Suppose -3*s - 595349821 = -214*s - 6603906. Is s a composite number?
True
Let t(j) = 3914*j**2 - 236*j - 17. Is t(-8) a composite number?
True
Suppose 8*a = 3*a + 15. Suppose -67 = -a*u - 10. Suppose -2*b + 11 = -u. Is b prime?
False
Let c be (-6)/12 + (1 - (-227525)/(-10)). Let a = c + 37823. Is a prime?
False
Let w(k) = 34086*k - 5055. Is w(24) a composite number?
True
Let y = 94597 + -43482. Is y a composite number?
True
Let b be (6 + -24)*(-4)/3. Let y = -21 + b. Suppose -y*f = -1076 - 1333. Is f composite?
True
Let b = 138 + -104. Is ((-219)/(-12))/(1/(2*b)) a prime number?
False
Let i be -10 - (-18)/(8 - 6). Is i + (0/2 + 1402 - 4) a prime number?
False
Let p be (3 - (1 - -1)) + -2100. Let b(w) = 58*w**3 - 2*w**2 - 5*w. Let o be b(4). Let j = o + p. Is j composite?
True
Suppose 3*o = -2*t - 0*o + 280228, -140101 = -t + 5*o. Is t prime?
True
Let x = 326 + -321. Suppose j = -x*p + 1161, -2*p + 241 = -p - 2*j. Is p a prime number?
True
Let v(f) = -8*f**3 + 25*f**2 - 7*f + 3. Let m(l) = -16*l**3 + 50*l**2 - 13*l + 5. Let b(w) = 2*m(w) - 5*v(w). Is b(10) prime?
False
Let z(u) = -76*u**3 - 2 + 2*u + u**2 + 77*u**3 + 4. Let r be z(-2). Is 3/r - 2078/(-4) composite?
True
Suppose 2*s = -5*i + 1 + 5, 2*s = 6. Suppose 5*x = 4*x, i = 2*l - 4*x - 12514. Is l a composite number?
False
Let l = 7531 + 3988. Is l prime?
True
Suppose 5*i + 4*x + 216 = 0, 4*i + 89 = 4*x - 55. Let s = i + 45. Let o(j) = 126*j + 11. Is o(s) composite?
False
Let h(x) = 10*x - 113. Let y be h(12). Suppose y*a - 70625 - 157904 = 0. Is a prime?
True
Suppose 15 = 286*d - 289*d. Let s(y) = 340*y**2 + 2*y - 5. Is s(d) a prime number?
False
Suppose -4*u = 5*b - 7*u - 454860, b = -2*u + 90959. Is b composite?
True
Is 3/12 + 72759/(-2)*3300/(-360) composite?
False
Suppose 21526*m - 1942808 = 21518*m. Is m a prime number?
False
Let k(x) = -21*x**3 - x**2 - 5*x - 26. Let y be k(-6). Is 1/(y/(-1128) + 4) prime?
False
Suppose 2*n + n - 10369 = -q, -2*n = -4*q + 41476. Is q a prime number?
True
Let k(r) be the third derivative of 5*r**5 + r**4/6 - 4*r**3/3 - 4*r**2. Let i be k(-5). Let b = 10985 - i. Is b prime?
False
Let l = -1028 - -356. Let j = l - 597. Let f = j + 1810. Is f composite?
False
Suppose 0 = -31*u + 34*u - 54. Suppose u*s = 16*s - 1524. Let x = s - -3779. Is x a prime number?
False
Suppose -2*b = 3*x - 69, 2*x = 2*b - 5*b + 116. Let c = b - 38. Is -3*c/(-21) + 21450/70 a composite number?
False
Let n be 15 + -11 + -2 + -1 + -5151. Let t = 7624 + n. Is t a composite number?
True
Let u(s) = -7*s - 4 + 9*s + 0 + 2. Let p be u(2). Suppose -360 = -5*n + p*j, 4*n + 5*j = j + 316. Is n a composite number?
True
Let t(a) = -119*a + 663. Is t(-32) a composite number?
True
Let c = 10813 - 5727. Let q(f) = 57*f**2 - 5*f + 2. Let d be q(6). Let s = c - d. Is s a prime number?
False
Suppose s - 97401 = -c - 6121, -3*s + 273861 = -4*c. Is s a prime number?
True
Let b(m) = -3*m + 5. Let w be b(1). Suppose 0 = -5*x, 2*j - w*x - 3*x = 8. Suppose -k + 0*k + 5*n = -1176, -n - 4609 = -j*k. Is k composite?
False
Let a be (-12)/18 - (-40)/6. Is a - (-891 - (4 - 0)) a composite number?
True
Let n(f) = -4*f - 2. Let t be n(-4). Is ((-20)/6)/(t/(-12579)) a prime number?
False
Let n(f) = -5065*f**3 - 3*f**2 - f - 5. Is n(-4) a composite number?
True
Let w(k) = 5*k**2 + 25*k + 3. Let t be w(-6). Suppose 0 = 20*g - t*g + 77155. Is g a prime number?
False
Suppose 0 = 4*q + 5*y - 36552, y - 2 + 6 = 0. Suppose -14 = 694*i - 701*i. Suppose 0 = -i*z - 0*d - 4*d + 4594, 4*z - d = q. Is z composite?
False
Let o(n) = -n**3 - 3*n**2 - 4. Let w be o(-3). Let q be 7*(-36)/8*w/21. Suppose -991 = -q*h - 97. Is h prime?
True
Suppose 0 = 7*l + 6*l + 182. Let v be ((-3)/((-27)/11010))/(l/(-21)). Let r = 3589 - v. Is r a prime number?
False
Let x(z) be the second derivative of -3*z**3 - 57*z**2/2 - 20*z. Let l be x(-17). Suppose 250*q - 2798 = l*q. Is q prime?
False
Suppose g = -2*g, -7560 = -2*n + 5*g. Suppose -n + 15197 = 7*l. Is l composite?
True
Let n be (-2*(-2)/(-4))/((-11)/(-55)). Is 12365/2*(-4)/n a composite number?
True
Let r(o) = -312*o + 8671. Is r(-126) a prime number?
False
Let n = 6393 + 12502. Suppose 80*c +